. What are the prime factors of s(1)?
13, 293
Let z(b) = -4*b + 542. Suppose 13 + 2 = 5*i, 4*c + 15 = 5*i. List the prime factors of z(c).
2, 271
Let y = 84849 - 54645. List the prime factors of y.
2, 3, 839
Let s(o) = -4*o**3 + 1. Let k be s(1). Let j be (3 - (k - -7))*4 + 0. Let v(r) = 5*r**2 + 5*r + 6. What are the prime factors of v(j)?
2, 3, 11
Let x(c) = 3*c**3 - 15*c**2 + 58*c + 28. List the prime factors of x(10).
2, 17, 31
Let j(y) = 4499*y**3 + 2*y**2 - 23*y + 20. List the prime factors of j(1).
2, 13, 173
Suppose x - 1 = -y - 10, -13 = -3*y + 5*x. List the prime factors of 716/10 - y*6/60.
2, 3
Let c(h) = 9*h**2 - 20*h - 22. Let d be c(-7). Let g = d - 317. What are the prime factors of g?
2, 11
Let j = -1051 + 1720. Suppose -3*w - 5*a = -1985, -w - a + j = -3*a. List the prime factors of w.
5, 7, 19
Let q(r) be the third derivative of r**4/8 + 361*r**3/6 + 47*r**2. List the prime factors of q(0).
19
Suppose 0 = -244*s + 70027 + 942573. List the prime factors of s.
2, 5, 83
Let x(v) = 90*v**2 - 13*v - 28. Suppose -5*m = o - 12, 4*o = -10*m + 8*m - 6. What are the prime factors of x(o)?
821
Suppose 5*f + p - 215799 = 0, 0 = -3*f + 4*p + 3691 + 125816. What are the prime factors of f?
3, 14387
Suppose -11*l - 126 - 105 = 0. Let u be -4*l/12 + -4. Suppose -73 = -t + u. What are the prime factors of t?
2, 19
Let m be 56 + -600 + 2/(-1) + 4. Let u = m + 781. What are the prime factors of u?
239
Suppose -45275 = -2*i - 2*l + 14149, -5*i - 2*l + 148548 = 0. What are the prime factors of i?
2, 7, 1061
Let t(h) = -124 - 5*h - 2*h + 75 + 3*h. Let l be t(-13). Suppose l*m = 269 + 133. What are the prime factors of m?
2, 67
Suppose -3*f = -2*f, 2*f - 24 = -4*w. List the prime factors of (-6)/5*(-10)/w.
2
Suppose -384816 + 10652 = -57*b + 442133. What are the prime factors of b?
14321
Let o be -2*(-2)/(-4)*8/(-4). Suppose -4*y - 4*a = -o*a + 624, -4*y = -5*a + 596. Let f = -146 - y. What are the prime factors of f?
2
Suppose -2*x = -3*x. Suppose -6*p + 11 + 7 = x. Suppose -p*l + 54 = 4*f - 60, -65 = -2*l + f. List the prime factors of l.
2, 17
Let u = -302 - -428. Let f = 222 - u. Suppose 5*x + 3*i - 2*i = f, -5*x + 92 = 2*i. List the prime factors of x.
2, 5
Let k(d) be the first derivative of -9*d**2/2 + 42*d - 137. List the prime factors of k(-34).
2, 3, 29
Suppose 21235 = -109*m + 1273896 + 609931. List the prime factors of m.
2, 3, 89
Suppose -4*b + 7573 = -1787. Suppose b = 19*l - 15*l. List the prime factors of l.
3, 5, 13
Let y = 10173 + 14396. List the prime factors of y.
79, 311
Suppose w = -3*n + 38868, -w - 5*n = -25864 - 13000. What are the prime factors of w?
2, 3, 11, 19, 31
Suppose 3*m - 1276 = -156*l + 160*l, -m + 2*l = -424. What are the prime factors of m?
2, 107
Suppose 9*p = 11*p + 30. Let d be (1 - 1) + p/((-30)/76). Let v = 131 + d. List the prime factors of v.
13
List the prime factors of (-142828)/8*(-684)/399.
2, 3, 5101
Suppose 35*b - 6038 = -2398. List the prime factors of b.
2, 13
Let i be ((-15)/6 - -1)*(-4)/6. Suppose 3 = -u, 5*c - u + 1 + i = 0. What are the prime factors of (50/(-20))/(c/32)?
2, 5
Suppose -41*n + 38*n = -69. Suppose -n*p - 3310 = -33*p. List the prime factors of p.
331
Let c = 1370 + 678. Suppose 4*i + 3*b = c, 0*i + 3*i - b = 1536. List the prime factors of i.
2
Let g(c) = 34*c - 74. Let l(j) = j + 1. Let k(a) = g(a) + 3*l(a). What are the prime factors of k(9)?
2, 131
Let h be 6/(-45) - 236951/(-195). Suppose -16*i + 19*i = h. What are the prime factors of i?
3, 5
Let z = 600 + -269. Suppose -1147 + z = -2*m. List the prime factors of m.
2, 3, 17
Let i = 12112 - -9558. List the prime factors of i.
2, 5, 11, 197
Suppose -3*m = 2*r - 26197 - 6772, -5*m + 54945 = 4*r. What are the prime factors of m?
10993
Suppose 4*a + h - 9 = 0, h = 8*a - 6*a - 3. List the prime factors of 311 + (-3 - (-11 + a)).
317
Let v(l) = l - 2. Let b be v(14). Suppose r = 2*g - 51, -93 = -20*g + 17*g - 4*r. Let i = g + b. List the prime factors of i.
3, 13
Suppose -18*v = 9*v - 162. Suppose -4*o - 4*u = -1732, v*o - o + u - 2153 = 0. List the prime factors of o.
2, 5, 43
Suppose -185*b + 49164 = -168*b. List the prime factors of b.
2, 3, 241
Let y(u) = 10*u - 50. Suppose -12*k + 43 = -341. Suppose t + 3*t - k = 0. List the prime factors of y(t).
2, 3, 5
Let q = 12118 - 5857. What are the prime factors of q?
3, 2087
Let p be -18 + 5/(5/(-3)). Let a = p + 7. List the prime factors of (2 - 4)/(a/553).
79
Suppose 5*k = -20, -6078 = 25*u - 27*u + 4*k. What are the prime factors of u?
7, 433
Suppose -311788 = 420*s - 466*s. List the prime factors of s.
2, 3389
Let w = -10 - 21. Let h = 31 + w. Suppose h = 4*t + 3*x - 364, -2*t + x + 182 = 4*x. List the prime factors of t.
7, 13
Let q be 8/3*45/(-140)*7. Let m(y) = y**3 + 4*y**2 - 12*y + 2. Let b be m(q). List the prime factors of (-18)/(-1)*(0 + (b - -8)).
2, 3, 5
Suppose -5927 - 1271 = -2*h. Suppose 0 = -17*y - 1185 + h. What are the prime factors of y?
2, 71
Suppose y + 2 - 6 = 0. Let r be 18/(-27)*(-486)/y. Suppose -2*q + 3*d = -186, r - 437 = -4*q + 2*d. List the prime factors of q.
3, 29
Suppose 0 = -4*c - 5*y + 1162, 3*c = -2*y + 775 + 93. Let b(o) = -o**3 - o**2 + 13*o - 4. Let k be b(5). Let r = k + c. List the prime factors of r.
199
Suppose -11863 = -0*l - 4*l + 2089. List the prime factors of l.
2, 109
Suppose 0 = -4*v + v - 3*i + 6489, 2*v - 22*i = 4158. List the prime factors of v.
2, 7, 11
Suppose 2*c + 350 = -m, -5*m = -c + 1076 + 707. Let i = 907 + m. What are the prime factors of i?
19, 29
Let v(l) be the second derivative of l**5/20 - l**4 - 2*l**3 - 11*l**2/2 + 24*l. Let b be v(13). Suppose -b*o + 115 = -19. What are the prime factors of o?
67
Suppose 1520*z = 1557*z - 161801. List the prime factors of z.
4373
Let m = -810 - -807. Let w be (-6)/(-4 + 2 - -4). What are the prime factors of (m - (-1413)/6) + w/(-6)?
233
Let a = -13248 - -15268. What are the prime factors of a?
2, 5, 101
Let s be 1 + (-21)/15 - (-58656)/65. Let f = 1657 - s. List the prime factors of f.
5, 151
Let d = 100 + -6. Let w = 96 - d. List the prime factors of 2*w/20 - (-16514)/230.
2, 3
Suppose -22*l = -16208 - 32346. What are the prime factors of l?
2207
List the prime factors of (-993276)/(-18) - (4 - -6).
2, 13, 1061
Suppose n + 36137 = 4*c, -36140 = -4*c - 7*n + 11*n. What are the prime factors of c?
2, 4517
Let b(x) be the second derivative of x**4/12 + x**2/2 - 15*x. Let g(q) = -5*q**2 - 18*q - 27. Let v(f) = -6*b(f) - g(f). What are the prime factors of v(12)?
3, 31
Suppose 1894473 = 24*k + 53*k + 227038. What are the prime factors of k?
5, 61, 71
Let i be ((-4)/2)/(14/1680). Let n = i + 290. What are the prime factors of n?
2, 5
Let j(n) = -207*n + 11852. List the prime factors of j(0).
2, 2963
Suppose -14*l + 12 - 40 = 0. Let d(v) = -88*v**3 - v**2 - 4*v - 1. List the prime factors of d(l).
7, 101
Let w be ((-550)/4)/(-1) - 54/(-108). Let i = w + 54. Let x = i - 98. What are the prime factors of x?
2, 47
Let i = 24 - 22. Let z(n) = 6*n + n + i*n**3 - 6*n**2 + 16 - 7*n. List the prime factors of z(6).
2, 29
Let h = 245 - 411. Suppose -4*n - 450 = -2*d, -n + 0*n = 2*d + 115. Let i = n - h. What are the prime factors of i?
53
Suppose 25472 = 7*k - 28596. List the prime factors of k.
2, 1931
Let p(i) = -i**3 - 10*i**2 - 21*i - 20. Let c be p(-8). Let d = c + 1632. Suppose d = -11*f + 18*f. What are the prime factors of f?
2, 59
Let f(w) be the first derivative of w**3 - 43*w**2 - 75*w + 160. What are the prime factors of f(36)?
3, 239
Suppose -3*o - 17 = -d, 3*d = 2*o - 0*o + 16. Let f be (((-15)/3)/1)/(1 - d). Suppose 5*r + 457 = 3*i, -f*i + 1000 - 228 = 2*r. What are the prime factors of i?
2, 7, 11
Let c(u) be the second derivative of -u**5/20 + 4*u**4/3 + u**3/2 + 3*u**2/2 + 78*u. Let d(a) = 15*a + 1. Let j be d(1). What are the prime factors of c(j)?
3, 17
Let v(z) = z**2 - 2*z - 1. Let q be v(-2). Suppose 9*i = q*i + 60. Suppose i*o + 315 = 35*o. List the prime factors of o.
3, 7
Suppose -5*x = -14 + 4. Suppose -x*k - 6 = -54. Suppose 2*u = -3*p + 171, -2*u = p - 153 - k. List the prime factors of u.
2, 3, 5
Suppose -6*w + 736 + 272 = 0. Suppose w*a = 165*a + 732. List the prime factors of a.
2, 61
Suppose k = -5*n - 421, 3*k = -0*n - 3*n - 1203. Let h = k - -846. What 